igit of 1250436?
6
What is the units digit of 101838?
8
What is the hundreds digit of 15226177?
1
What is the tens digit of 7992444?
4
What is the ten thousands digit of 26208683?
0
What is the units digit of 46071?
1
What is the thousands digit of 474843?
4
What is the units digit of 4002563?
3
What is the tens digit of 1148822?
2
What is the millions digit of 2515013?
2
What is the units digit of 104670?
0
What is the units digit of 1568292?
2
What is the thousands digit of 2058038?
8
What is the thousands digit of 1355396?
5
What is the hundred thousands digit of 474005?
4
What is the units digit of 16013823?
3
What is the tens digit of 193766?
6
What is the millions digit of 1715504?
1
What is the hundreds digit of 3848354?
3
What is the hundred thousands digit of 716242?
7
What is the tens digit of 70359?
5
What is the tens digit of 385542?
4
What is the ten thousands digit of 89778?
8
What is the units digit of 24127876?
6
What is the thousands digit of 462888?
2
What is the units digit of 1649504?
4
What is the ten thousands digit of 16212577?
1
What is the thousands digit of 161150?
1
What is the ten thousands digit of 6349350?
4
What is the thousands digit of 4301119?
1
What is the tens digit of 9640819?
1
What is the ten thousands digit of 241741?
4
What is the thousands digit of 6194874?
4
What is the hundreds digit of 3428117?
1
What is the thousands digit of 11516944?
6
What is the thousands digit of 322918?
2
What is the tens digit of 19065234?
3
What is the tens digit of 465788?
8
What is the thousands digit of 2658123?
8
What is the hundred thousands digit of 152192?
1
What is the thousands digit of 279238?
9
What is the ten thousands digit of 110597?
1
What is the ten thousands digit of 3099294?
9
What is the tens digit of 3305264?
6
What is the hundreds digit of 1856580?
5
What is the units digit of 92016?
6
What is the units digit of 608848?
8
What is the tens digit of 47271?
7
What is the thousands digit of 38472?
8
What is the thousands digit of 60850?
0
What is the thousands digit of 148898?
8
What is the units digit of 331075?
5
What is the millions digit of 11792187?
1
What is the ten thousands digit of 346313?
4
What is the units digit of 1692196?
6
What is the tens digit of 14553977?
7
What is the hundred thousands digit of 10214730?
2
What is the thousands digit of 1239172?
9
What is the units digit of 1088178?
8
What is the hundreds digit of 7161310?
3
What is the hundred thousands digit of 3681766?
6
What is the thousands digit of 153583?
3
What is the tens digit of 237402?
0
What is the units digit of 9179?
9
What is the hundreds digit of 94166?
1
What is the millions digit of 8984311?
8
What is the hundreds digit of 29412881?
8
What is the ten millions digit of 12660445?
1
What is the thousands digit of 546211?
6
What is the tens digit of 561074?
7
What is the millions digit of 1499191?
1
What is the hundreds digit of 17221?
2
What is the thousands digit of 5073?
5
What is the units digit of 7827703?
3
What is the thousands digit of 4977790?
7
What is the units digit of 965013?
3
What is the tens digit of 2430914?
1
What is the millions digit of 4420710?
4
What is the ten thousands digit of 4409392?
0
What is the units digit of 17786788?
8
What is the hundreds digit of 1911416?
4
What is the units digit of 5624028?
8
What is the tens digit of 28281?
8
What is the ten thousands digit of 631080?
3
What is the thousands digit of 269374?
9
What is the tens digit of 1131782?
8
What is the units digit of 131653?
3
What is the units digit of 13192058?
8
What is the hundreds digit of 1035593?
5
What is the units digit of 5904563?
3
What is the units digit of 1664066?
6
What is the ten thousands digit of 20226408?
2
What is the hundred thousands digit of 835674?
8
What is the tens digit of 1375656?
5
What is the hundred thousands digit of 3860276?
8
What is the units digit of 1072267?
7
What is the thousands digit of 1037106?
7
What is the millions digit of 1193405?
1
What is the hundred thousands digit of 1089172?
0
What is the millions digit of 12039438?
2
What is the thousands digit of 220598?
0
What is the hundreds digit of 177132?
1
What is the hundreds digit of 26995005?
0
What is the tens digit of 82264?
6
What is the thousands digit of 626885?
6
What is the ten thousands digit of 118761?
1
What is the tens digit of 1687083?
8
What is the millions digit of 2260626?
2
What is the hundred thousands digit of 2191940?
1
What is the ten thousands digit of 1315199?
1
What is the tens digit of 1292600?
0
What is the units digit of 554971?
1
What is the thousands digit of 100349?
0
What is the millions digit of 7664174?
7
What is the ten thousands digit of 439136?
3
What is the hundreds digit of 154538?
5
What is the thousands digit of 7467272?
7
What is the ten thousands digit of 295032?
9
What is the hundreds digit of 121586?
5
What is the thousands digit of 3619152?
9
What is the ten thousands digit of 265426?
6
What is the ten thousands digit of 1399500?
9
What is the thousands digit of 32924?
2
What is the millions digit of 3466402?
3
What is the hundred thousands digit of 221149?
2
What is the hundreds digit of 4448723?
7
What is the hundred thousands digit of 7507703?
5
What is the hundreds digit of 123572?
5
What is the units digit of 55813?
3
What is the ten millions digit of 16973074?
1
What is the hundred thousands digit of 6306234?
3
What is the ten thousands digit of 13167764?
6
What is the hundreds digit of 4684457?
4
What is the hundred thousands digit of 108921?
1
What is the ten thousands digit of 2338201?
3
What is the units digit of 3079388?
8
What is the hundred thousands digit of 5217786?
2
What is the hundreds digit of 9560409?
4
What is the thousands digit of 73087?
3
What is the tens digit of 7573405?
0
What is the units digit of 2083241?
1
What is the thousands digit of 849214?
9
What is the hundreds digit of 5966573?
5
What is the hundreds digit of 53865?
8
What is the hundred thousands digit of 3219021?
2
What is the units digit of 645354?
4
What is the units digit of 247883?
3
What is the millions digit of 1039137?
1
What is the thousands digit of 1226741?
6
What is the ten thousands digit of 329399?
2
What is the ten thousands digit of 88030?
8
What is the units digit of 2071160?
0
What is the tens digit of 2832698?
9
What is the units digit of 239352?
2
What is the units digit of 268482?
2
What is the hundreds digit of 22413395?
3
What is the ten thousands digit of 6916869?
1
What is the ten thousands digit of 2103969?
0
What is the tens digit of 15171478?
7
What is the tens digit of 560755?
5
What is the tens digit of 68327?
2
What is the hundred thousands digit of 742423?
7
What is the thousands digit of 146632?
6
What is the units digit of 1875254?
4
What is the ten thousands digit of 221242?
2
What is the tens digit of 139007?
0
What is the hundred thousands digit of 2012168?
0
What is the ten thousands digit of 729949?
2
What is the thousands digit of 2384948?
4
What is the millions digit of 23873124?
3
What is the ten thousands digit of 1846129?
4
What is the hundred thousands digit of 644499?
6
What is the hundred thousands digit of 7653893?
6
What is the hundred thousands digit of 570708?
5
What is the ten thousands digit of 3287121?
8
What is the units digit of 192984?
4
What is the hundred thousands digit of 742248?
7
What is the thousands digit of 956572?
6
What is the tens digit of 1531099?
9
What is the units digit of 214628?
8
What is the ten thousands digit of 196033?
9
What is the ten thousands digit of 4850583?
5
What is the hundred thousands digit of 348449?
3
What is the hundreds digit of 9678507?
5
What is the units digit of 16757712?
2
What is the ten thousands digit of 32388378?
8
What is the hundred thousands digit of 22056007?
0
What is the ten millions digit of 12115169?
1
What is the thousands digit of 519983?
9
What is the hundreds digit of 376593?
5
What is the thousands digit of 938179?
8
What is the hundred thousands digit of 275731?
2
What is the units digit of 2772809?
9
What is the thousands digit of 4898962?
8
What is the ten thousands digit of 200665?
0
What is the ten thousands digit of 4956065?
5
What is the hundreds digit of 338228?
2
What is the thou